{"id":19,"date":"2018-08-22T18:25:49","date_gmt":"2018-08-22T18:25:49","guid":{"rendered":"http:\/\/jtfotografie.de\/?page_id=19"},"modified":"2023-08-26T18:40:04","modified_gmt":"2023-08-26T18:40:04","slug":"die-fotografin","status":"publish","type":"page","link":"http:\/\/jtfotografie.de\/?page_id=19","title":{"rendered":"Die Fotografin"},"content":{"rendered":"<div class=\"col-md-6\">\n<div class=\"text-block\">\n<h2><img decoding=\"async\" loading=\"lazy\" class=\"alignleft wp-image-216 size-medium\" src=\"http:\/\/jtfotografie.de\/wp-content\/uploads\/2018\/12\/DSC_1283-1-217x300.jpg\" alt=\"\" width=\"217\" height=\"300\" srcset=\"http:\/\/jtfotografie.de\/wp-content\/uploads\/2018\/12\/DSC_1283-1-217x300.jpg 217w, http:\/\/jtfotografie.de\/wp-content\/uploads\/2018\/12\/DSC_1283-1-768x1063.jpg 768w, http:\/\/jtfotografie.de\/wp-content\/uploads\/2018\/12\/DSC_1283-1-740x1024.jpg 740w, http:\/\/jtfotografie.de\/wp-content\/uploads\/2018\/12\/DSC_1283-1.jpg 780w\" sizes=\"(max-width: 217px) 100vw, 217px\" \/><\/h2>\n<\/div>\n<div class=\"text-block\"><\/div>\n<\/div>\n<p>Mein Name ist Julia und ich bin 31 Jahre alt. Meine Ausbildung zur Fotografin habe ich 2011 abgeschlossen und bin seit 2014 Fotografenmeisterin.<\/p>\n<p><span style=\"display: inline !important; float: none; background-color: transparent; color: #272727; cursor: text; font-family: 'Noto Serif',Arial,sans-serif; font-size: 16px; font-style: normal; font-variant: normal; font-weight: 400; letter-spacing: normal; orphans: 2; text-align: left; text-decoration: none; text-indent: 0px; text-transform: none; -webkit-text-stroke-width: 0px; white-space: normal; word-spacing: 0px;\">Au\u00dfergew\u00f6hnliche Fotografie entsteht in entspannten Atmosph\u00e4ren und an guten Locations<\/span> Daher nehme ich mir viel Zeit f\u00fcr dich und sorge f\u00fcr eine lockere Atmosph\u00e4re, schlie\u00dflich soll das Shooting Spa\u00df machen. Ich arbeite nicht nach \u201cSchema F\u201d, sondern gehe individuell auf deine W\u00fcnsche ein, so bekommt jedes Shooting eine ganz pers\u00f6nliche Note.<\/p>\n<p>Es ist ein sch\u00f6nes Gef\u00fchl, wenn du mit einem L\u00e4cheln vor den Fotos sitzt, w\u00e4hrend du diese betrachtest. Das ist so etwas, wie der Applaus f\u00fcr meine Arbeit.<\/p>\n","protected":false},"excerpt":{"rendered":"<p>Mein Name ist Julia und ich bin 31 Jahre alt. Meine Ausbildung zur Fotografin habe ich 2011 abgeschlossen und bin seit 2014 Fotografenmeisterin. Au\u00dfergew\u00f6hnliche Fotografie entsteht in entspannten Atmosph\u00e4ren und [&hellip;]<\/p>\n","protected":false},"author":1,"featured_media":0,"parent":0,"menu_order":0,"comment_status":"closed","ping_status":"closed","template":"","meta":{"footnotes":""},"_links":{"self":[{"href":"http:\/\/jtfotografie.de\/index.php?rest_route=\/wp\/v2\/pages\/19"}],"collection":[{"href":"http:\/\/jtfotografie.de\/index.php?rest_route=\/wp\/v2\/pages"}],"about":[{"href":"http:\/\/jtfotografie.de\/index.php?rest_route=\/wp\/v2\/types\/page"}],"author":[{"embeddable":true,"href":"http:\/\/jtfotografie.de\/index.php?rest_route=\/wp\/v2\/users\/1"}],"replies":[{"embeddable":true,"href":"http:\/\/jtfotografie.de\/index.php?rest_route=%2Fwp%2Fv2%2Fcomments&post=19"}],"version-history":[{"count":11,"href":"http:\/\/jtfotografie.de\/index.php?rest_route=\/wp\/v2\/pages\/19\/revisions"}],"predecessor-version":[{"id":415,"href":"http:\/\/jtfotografie.de\/index.php?rest_route=\/wp\/v2\/pages\/19\/revisions\/415"}],"wp:attachment":[{"href":"http:\/\/jtfotografie.de\/index.php?rest_route=%2Fwp%2Fv2%2Fmedia&parent=19"}],"curies":[{"name":"wp","href":"https:\/\/api.w.org\/{rel}","templated":true}]}}

<div class="col-md-6">
<div class="text-block">
<h2><img decoding="async" loading="lazy" class="alignleft wp-image-216 size-medium" src="http://jtfotografie.de/wp-content/uploads/2018/12/DSC_1283-1-217x300.jpg" alt="" width="217" height="300" srcset="http://jtfotografie.de/wp-content/uploads/2018/12/DSC_1283-1-217x300.jpg 217w, http://jtfotografie.de/wp-content/uploads/2018/12/DSC_1283-1-768x1063.jpg 768w, http://jtfotografie.de/wp-content/uploads/2018/12/DSC_1283-1-740x1024.jpg 740w, http://jtfotografie.de/wp-content/uploads/2018/12/DSC_1283-1.jpg 780w" sizes="(max-width: 217px) 100vw, 217px" /></h2>
</div>
<div class="text-block"></div>
</div>
<p>Mein Name ist Julia und ich bin 31 Jahre alt. Meine Ausbildung zur Fotografin habe ich 2011 abgeschlossen und bin seit 2014 Fotografenmeisterin.</p>
<p><span style="display: inline !important; float: none; background-color: transparent; color: #272727; cursor: text; font-family: 'Noto Serif',Arial,sans-serif; font-size: 16px; font-style: normal; font-variant: normal; font-weight: 400; letter-spacing: normal; orphans: 2; text-align: left; text-decoration: none; text-indent: 0px; text-transform: none; -webkit-text-stroke-width: 0px; white-space: normal; word-spacing: 0px;">Außergewöhnliche Fotografie entsteht in entspannten Atmosphären und an guten Locations</span> Daher nehme ich mir viel Zeit für dich und sorge für eine lockere Atmosphäre, schließlich soll das Shooting Spaß machen. Ich arbeite nicht nach “Schema F”, sondern gehe individuell auf deine Wünsche ein, so bekommt jedes Shooting eine ganz persönliche Note.</p>
<p>Es ist ein schönes Gefühl, wenn du mit einem Lächeln vor den Fotos sitzt, während du diese betrachtest. Das ist so etwas, wie der Applaus für meine Arbeit.</p>

<p>Mein Name ist Julia und ich bin 31 Jahre alt. Meine Ausbildung zur Fotografin habe ich 2011 abgeschlossen und bin seit 2014 Fotografenmeisterin. Außergewöhnliche Fotografie entsteht in entspannten Atmosphären und [&hellip;]</p>
